*n. What are the prime factors of n?
107
Suppose 2*k + 4*o = 18572, 18*k - 13*k = o + 46474. What are the prime factors of k?
2, 3, 1549
Suppose -5*j + 0*j + 35 = 0. Suppose j*o - 1595 = 2640. Suppose -7*k = -4*x - 2*k + o, -x = 5*k - 120. List the prime factors of x.
5, 29
Suppose 2*b + 4*c - 25442 = 0, -4*c - 14669 + 78310 = 5*b. List the prime factors of b.
7, 17, 107
Suppose -111 = -2*j + 5*w, -2*j + 160 = j - w. Suppose 2*b + 39 = 3*b. Let n = j - b. What are the prime factors of n?
2, 7
Suppose m = -5*t - 2*m + 42, -2*m + 43 = 5*t. Let v = 12 - t. Suppose 0 = -5*u + z + 403, 2*z = v*u - z - 249. What are the prime factors of u?
2, 5
Let y(i) = -44*i - 13. Let d be y(9). Let o = d - -837. List the prime factors of o.
2, 107
Let d(j) = 110*j**2 - 27*j - 549. List the prime factors of d(15).
2, 3, 661
Let y(q) = -36*q**3 - 27*q + 12*q - 55 - 26*q + 14*q**2 + 37*q**3. What are the prime factors of y(-16)?
89
Let q = -816 + 6085. List the prime factors of q.
11, 479
Suppose -713 = 5*q - c + 1527, 15 = -3*c. Let d = q - -487. List the prime factors of d.
2, 19
Suppose 2*t = -0*t + 88. Let r = 64 + t. Suppose -2*m + r = -3*v, 4*v - 49 - 147 = -4*m. List the prime factors of m.
3, 17
Let c(b) = 7*b - 3. Let o be c(8). Suppose -3*a - 275 = -o. Let i = a - -116. What are the prime factors of i?
2, 3, 7
Let y = -37 - -40. Suppose 4*b - 1 - 4 = 3*v, -y*b = -5*v + 10. Suppose 3*c - 140 = -0*h - 2*h, 0 = v*h + 5*c - 355. List the prime factors of h.
73
Let s = 14342 - 12117. List the prime factors of s.
5, 89
Suppose -3*c - 128*l = -126*l + 4, -4*c = 4*l + 12. Suppose -c*j + 3000 - 517 = -s, 2*j - 2488 = 2*s. List the prime factors of j.
3, 7, 59
Let u(k) = -k**2 + 6*k - 19. Let m be u(8). Let w = m + 47. Suppose -a + w = -16. What are the prime factors of a?
2, 7
Let z = 9944 - 1205. List the prime factors of z.
3, 971
Let s(w) = 26*w**2 + 34*w - 92. List the prime factors of s(9).
2, 5, 29
Let f be ((-72)/(-10))/(-2*(-3)/60). Let u = f - -38. Suppose 193 + u = 3*a. What are the prime factors of a?
101
What are the prime factors of (-369194)/(-133) - ((-32)/(-152))/(-2)?
2, 347
Let c be (3 + (-82)/6)*(-27)/18. What are the prime factors of (-2269)/(-5) + 3/(c + -1)?
2, 227
Let n(t) = 4057*t + 575. What are the prime factors of n(1)?
2, 3, 193
Let r be (-1)/3 - 40/(-12). Let j(i) = 2*i**2 + i - 4. Let x be j(r). Suppose 6*d - x - 523 = 0. What are the prime factors of d?
2, 3, 5
Suppose 39*k - 851974 - 363668 = -71928. What are the prime factors of k?
2, 11, 31, 43
Suppose 3*g - y - 23 = 0, -6*g - 4*y + 43 = -3*g. Let q(r) = 7*r**2 + 11*r - 22. List the prime factors of q(g).
2, 7, 23
Let h(p) = 42 + 0*p**2 + 0*p**2 - 37 + 2*p + 8*p**2. Let d be h(-2). What are the prime factors of 5 + (d - 0)*1?
2, 19
Suppose 17*w - 5475 = 20467. Let h = -766 + w. What are the prime factors of h?
2, 5, 19
What are the prime factors of ((-417985)/(-40))/(11*12/1056)?
83597
Suppose -7*c = -4*c - 15, -i - c = -14. Suppose -7*b = -i*b + 350. List the prime factors of b.
5, 7
Let i = -448 + 808. Suppose i + 186 = j. List the prime factors of j.
2, 3, 7, 13
Let a = 337 + -320. Suppose 0 = -b + 5*x + 109, -a*x = b - 21*x - 113. List the prime factors of b.
3, 43
Let d(v) = 2*v**3 - 22*v**2 - 22*v - 23. Let t be d(12). List the prime factors of (((-64)/(-20))/t)/((-13)/(-1560)).
2, 3
Suppose 13277 = 5*f - 2*p, 3167 + 4796 = 3*f + 2*p. List the prime factors of f.
3, 5, 59
Suppose 246*y - 957 = 249*y. Let z = y - -1125. What are the prime factors of z?
2, 13, 31
Let l = 44 - 9. Suppose -107 = -3*u - 0*h + 4*h, l = u - 2*h. Suppose 3*c - 5*b - 77 = 32, -2*b - u = -c. List the prime factors of c.
3, 11
Let k(o) = -o**3 + 22*o**2 + 15*o - 1. Let w be k(21). Let l = w + -412. What are the prime factors of l?
7
Let r(j) = 2*j**2 - 12*j + 3. Let b be r(6). Let g(z) = 14*z**3 - 2*z**2 - 2*z - 3. List the prime factors of g(b).
3, 13
Suppose 3*z = -3, 3*z + 0*z - 3401 = -4*i. Let k = -510 + i. What are the prime factors of k?
11, 31
Suppose 10473056 + 1929259 = 813*b. List the prime factors of b.
3, 5, 113
Suppose 1142*s = 1146*s - 220184. List the prime factors of s.
2, 17, 1619
List the prime factors of (-7)/(-532)*-8 + 243546/38 - 3.
2, 3203
Suppose -3*v - 4*z + 9 - 1207 = 0, 2*v = -z - 807. Let h = -232 - v. What are the prime factors of (h/(-5))/((-4)/20)?
2, 3, 29
Let z(j) = 3*j**3 - 12*j**2 - 2. Let i be z(-5). Let n = -398 - i. List the prime factors of n.
3, 31
Let b(w) = 64*w**2 - 91*w + 669. What are the prime factors of b(8)?
11, 367
Suppose -115*x = -94*x - 80871. List the prime factors of x.
3851
Let r(q) = 4*q + 57. Let y be r(17). Let v = 838 + y. List the prime factors of v.
3, 107
Let q be 3/(82/(-44) + 2). Suppose v + 4*b - q = 0, 5*v - 94 = 5*b + 66. List the prime factors of (v/(-9))/(8/(-12)).
5
Let r(p) = -p. Let g be r(-9). Suppose g = a + 6. Suppose -5*o = -4*s + a*s - 686, 3*o - 434 = -5*s. What are the prime factors of o?
2, 3, 23
Suppose 63 = 3*b + 21. Let t(n) = 33*n - 12. Let f be t(b). Suppose 3*h = f - 165. List the prime factors of h.
5, 19
Suppose -4*g = -2*y + 4639 + 15123, 2*g - 49405 = -5*y. What are the prime factors of y?
41, 241
Let l be 0 - (3 + 0/(-4) + -7). Suppose -l*v + n = -1248, -4*n - 1352 + 403 = -3*v. What are the prime factors of v?
311
Let j(f) = -4*f - 62. Let d be j(-19). List the prime factors of -24*(-7)/d*11.
2, 3, 11
Let p be 10/(-10) - (2/2 + 17). Let s(l) = -22*l + 13. List the prime factors of s(p).
431
Suppose 6734 = 13*u - 11*u - 2*l, 0 = 2*u + 2*l - 6746. What are the prime factors of u?
2, 5, 337
Let c(z) = -31*z - 9. Let q(y) = 61*y + 19. Let x(m) = 5*c(m) + 2*q(m). List the prime factors of x(-9).
2, 5, 29
Suppose 49*z - 48*z - 4*g = 48254, -241120 = -5*z - 5*g. List the prime factors of z.
2, 5, 7, 13, 53
Let v be -2 - (-1 + -9 + 3). Suppose -4*k + v = 5*s, 0*k = -4*k - 2*s + 14. Suppose -k*c + 4*b = -37, -25 = -c - c + 5*b. What are the prime factors of c?
5
Let o(a) = -a**3 - 11*a**2 + a + 16. Let v be o(-11). List the prime factors of 5*(1 - (-1104)/v).
1109
What are the prime factors of ((20158/(-8))/(28/112))/(-1)?
10079
Let t(q) = q**3 + 7059. Let l be t(0). Suppose 1578 - l = -9*f. List the prime factors of f.
3, 7, 29
Let z(h) = -100 - 23*h**2 + h**3 + 75 - 69 - 15*h. List the prime factors of z(24).
2, 61
Let g(o) = -6*o - 196. Let m be g(-33). List the prime factors of (5 - m) + -5 + 562.
2, 5, 7
Suppose 22*n = 15*n + 34706. List the prime factors of n.
2, 37, 67
Let v be ((-5032)/(-740))/(2/30). Suppose 4*q - 26 = m - 4*m, -q - m = -7. Suppose q*n + r = 5*r + 281, -2*n - r + v = 0. What are the prime factors of n?
53
Let x = 755 + -423. Let f = -86 + x. Suppose -3*v + f = 3*v. List the prime factors of v.
41
Suppose 0 = -2*l - 2*y - 3*y + 849, 1286 = 3*l + 5*y. What are the prime factors of l?
19, 23
Let q = 2965 + -608. Suppose -5*i = 2*c - 6381, 3*i - 1484 = 5*c + q. List the prime factors of i.
1277
Suppose -10*k + 40 = -60. Let c be (996/k)/(24/(-120)). Let h = -219 - c. What are the prime factors of h?
3, 31
Let r(k) = 6*k**2 - 17*k - 8. Let z be r(-8). Suppose 0 = -3*h - 4*y - 280 - 250, 0 = 3*h - 5*y + z. Let c = 315 + h. What are the prime factors of c?
3, 47
Let l = 14036 + 9761. What are the prime factors of l?
53, 449
Let g(s) = 3*s**2 - 18*s - 6. Let y(x) be the second derivative of -x**4/12 - x**3/6 + 16*x**2 + 19*x. Let i be y(-5). What are the prime factors of g(i)?
2, 3, 5, 7
Suppose 769*u - 794*u = -356750. What are the prime factors of u?
2, 5, 1427
Suppose -4*b - 4*x = 0, -2*x = -7*x - 25. What are the prime factors of (b + (-6)/2)/((-1)/(-134))?
2, 67
Let p(x) = 333*x - 74. Let r be p(7). Suppose 5*i + 5 = 0, 657 = -4*j + 4*i + r. List the prime factors of j.
3, 7, 19
Let i(k) = k**3 - 7*k**2 + 9*k - 3. Let f be i(4). Let y = 13 + f. List the prime factors of 56/y*(-15)/4.
3, 5, 7
Let n(w) be the second derivative of w**3/6 + 20*w**2 + w + 216. Let q = 4 + -4. What are the prime factors of n(q)?
2, 5
Suppose -3*w + 14*k = 19*k - 71055, 94740 = 4*w - 3*k. List the prime factors of w.
3, 5, 1579
Suppose -21052 = 4*c - 4*k - 121416, c + 5*k = 25055. What are the prime factors of c?
5, 29, 173
Suppose -12 = 4*w - 28. Let h(c) = 23*c + 14. Let q be h(w). Suppose 4*u - q = 2*u. List the 